3 + 4 + 7 + (30 - (-21 - -37)).
22
What is the value of 72 + -147 + -9 - (15 - 2)?
-97
Evaluate (-34 - ((-26 - 9) + 29)) + 33.
5
What is the value of (37 + -14 - 6 - (4 - -9 - 5)) + 7?
16
Evaluate -33 - (11 - (0 + -1 - (-234 - -220))).
-31
-12 + 3 + (-43 + 14 - -2)
-36
Evaluate -4 - 20 - -7 - (137 - 112).
-42
Evaluate 41 - (20 - (11 + -6)) - -4.
30
Evaluate 19 + (15 - (51 - 24) - 7).
0
What is the value of -99 + 46 + 133 - 119?
-39
What is -6 + 3 + 5 + 1 - (8 + -1)?
-4
Calculate -1 + 1 + -3 + (-11262 - -11311).
46
Calculate -19 + 4 + -6 - (-2799 + 2663).
115
What is the value of -6 + -65 + -39 - (-26 - -2)?
-86
Calculate 3 - -102 - (37 + -9 + -44 + 17 + 10).
94
Evaluate 0 + -29 + (-847 - -915).
39
What is -15 + (2 - 0) - (-54 - (9 + -5 - -5))?
50
Evaluate -24416 + 24305 + (-1 - ((1 - 2) + 3)).
-114
Evaluate 57 - (130 - 125) - 59.
-7
Calculate (14 - (11 - (-18 + (8 - -3)))) + -66.
-70
-12 - (-6 - -7) - (5 - (4 + 16))
2
What is the value of 29 - (-47 - -13 - -27 - -7)?
29
What is the value of (17 - -2) + (-62 - (-182 + 90))?
49
-61 - (-7 - (2 - (-29 + 27)))
-50
What is the value of -27 + -17 + -15 + 57 + -21?
-23
Calculate 13 - 4 - (2 + (101 - 89)).
-5
40 + (1 + 15 - 34) + -58
-36
Evaluate 3 + 23 + -38 + -3.
-15
What is the value of (-76 - -9) + (509 - 504)?
-62
Calculate -11 - (12 + (-41 - 31)).
49
What is (3 - -5) + -9 - (6 + 1 - 5 - -40)?
-43
What is 0 + -86 + 8 + (-17 + 3 - (49 - 50))?
-91
-13 + -24 + -3 + (7 - -2) + 7
-24
Evaluate (12 - 6 - 2) + -19 + (8 - -3).
-4
What is 41 + 9 + (-195 - -195)?
50
3 + (-6 - 2) + -1 + -1 + 1729 + -1826
-104
47 + 6 + -1075 + 957
-65
Evaluate 15 - (1 + 137 + 6 - (-16 + 12 + 12)).
-121
(-1 - 14) + 67 + -60 + (1 - 1 - 58)
-66
Calculate (20 - (76 + -39) - 25) + 123.
81
Evaluate 30 + -18 - -1 - (91 - (0 - (-5 + -1))).
-72
What is 44 - (81 + (-27 - 4))?
-6
What is the value of -1 + -1 + (4 - (8 - 3)) + 4?
1
What is the value of 57 - ((6 - (-8 - -44)) + 9 + (52 - 40))?
66
What is the value of 3 + (2 + -120 - 3) + (-4 + -72 - -80)?
-114
What is the value of -23 + 4 - ((-29 - 17) + -12)?
39
What is the value of (-35 - (-7 - 6)) + 75 + -17?
36
-22 + -7 + (69 - (8 + 7))
25
Evaluate (-48 + 18 - -12) + 10 - (-130 + 1).
121
Calculate 66 - (-3 + -11 + 47).
33
What is the value of (36 - (11 - 6 - -30)) + (57 - -1) - 1?
58
Evaluate -2947 - -2957 - ((3 + -3 - 2) + -1 + 50).
-37
What is the value of -18 - (30 + -47 - -39)?
-40
Evaluate 4 + (3 - 10) + (-9 - -10) + 5 + 52.
55
What is the value of 243 - (137 + -18) - 58?
66
Calculate -16 + -2 + 4 - (-21 + 26 + -52 - 12).
45
Evaluate -66 - (24 - 8) - (-2 + -19 + 4).
-65
11 + (-6 + -8 + (7 - 1) - (166 - 70))
-93
Evaluate -2 + 101 + -1 + -92 + 200 + -124.
82
What is the value of -4383 + 4238 - (-60 + -2)?
-83
Calculate -32 - (30 - 28) - (18 - 14).
-38
(9 - (-19 - -21)) + -33
-26
Calculate -12 - 0 - (-8 - (-147 + 112)).
-39
What is the value of 9 - (9 + -5 + (-6 - 0) + 44 - 0)?
-33
Calculate 1 - 19 - (-55 - (-12 + 6) - -38).
-7
Evaluate -99 + -1 - (-512 - -503).
-91
Evaluate -5 + 16 + 1 - (-1 - -142 - (92 - 104)).
-141
Calculate (71 - (-5 - -26)) + -2 + 7.
55
Evaluate -9 - (-3 - (-9 + 9 + -12)).
-18
What is 13 + -45 - (20 + -53) - 79?
-78
22 - (-169 + 170 - (16 - (1 - -3)))
33
What is (-27 - 81) + 79 - (-2 + -2)?
-25
227 + (-290 - -66) - (0 + 26)
-23
Evaluate (-1 - (-5 - (1 - 20))) + 9.
-6
Calculate 51 + -38 + (-1 + 0 - (-8 + -1)).
21
What is the value of -4 + (12 - (-5 - -2)) + 3201 + -3244?
-32
What is the value of 21 + -4 + 12 + -51?
-22
What is 39 + (12 - (21 - 10)) + (14 - (8 + -4))?
50
Calculate -20 + (-61 - (5 + -42)).
-44
73 - 82 - (-31 + 8 - 2)
16
Calculate -28 - (-147 - -46 - -108).
-35
Calculate (93 - 150) + (-5 - -22).
-40
What is the value of 47 - (-466 + 484 - (-1 + 4 + 17))?
49
20 + (82 - 87) + -4
11
Calculate 97 + (60 + -14 - 82).
61
-54 + 1 + 544 + -588
-97
-228 - -216 - (-25 + 6) - (3 + -104 - 2)
110
What is the value of (-4 - -7) + -9 + (2 - -15) - (5 + -22)?
28
4 + (6 - (-1 + 10)) - ((0 - 9) + 1)
9
3 - (-21 + 2 + 2 + 16 + -28)
32
Evaluate 0 + -3 + -114 + 142 + -98.
-73
-1 + 140 + (-466 - -431 - (3 + -16))
117
What is 12 + (-42 - 0 - (-12 - 36 - -49))?
-31
What is 1 + -19 + (-5 - -13) + (75 - 0 - 9)?
56
What is (72 - 1) + (263 - (-156 - -447))?
43
What is (25 - 39 - -88) + -61?
13
Calculate 11 - (5 - -32 - -12).
-38
What is 35 - -12 - (83 - 41) - -84?
89
What is -30 - ((-4 - -2) + 3 + -2) - (-1435 + 1429)?
-23
Evaluate (1 - 3 - 11) + (-120 - -154) - 99.
-78
(-11 - -3) + 74 + (17 - 57)
26
What is the value of -8 - (-44 + -10) - -4?
50
What is 0 + 3 - (-6 - (-4 + (8 - (-7 - -3))))?
17
What is the value of (2 - 15) + (-174 - (-74 - 15))?
-98
What is -115 + (-26 + 1 + 28 - (2 + -15)) - -5?
-94
What is 115 + 1 + (-3 - -9 - -4) + 2 - 11?
117
1 - ((-1 + 47 - (10 + -1)) + -5)
-31
What is the value of -11 - (-4 + 9 - 5) - (209 + -258)?
38
-2 + (31 - (43 + -12) - 59)
-61
Evaluate (-11 - -3) + (-169 - -147).
-30
What is the value of 1023 + -983 + (-2 + 7 - -37)?
82
-8 + 2 + 0 - (25 - (-13 + 46 + -74))
-72
-26 + 9 + -256 + 312
39
What is the value of (-90 - -44) + 71 + -49?
-24
2 + -1 + -2 + -2 + (1 - -17 - -31)
46
Calculate 32 + 86 + -94 + 59.
83
Calculate 7693 + -7675 - (70 - -1).
-53
Evaluate -8 - (-11 - 3 - -65 - 1).
-58
Evaluate -481 + 465 - (0 + -31) - (4 + -24).
35
Calculate 119 + -139 - (11 - -29 - -11).
-71
Calculate (-55 - (-46 + 43)) + -12.
-64
What is the value of -25 + 0 - (110 - (4 + -5 + 14))?
-122
What is the value of -87 + 41 - (145 - 259)?
68
Evaluate 40 + -26 + (-3 - (-1 - -8)).
4
Calculate 32 + -15 - (81 - 89).
25
What is the value of -15 + -20 + (49 + 8 - 24) + 105?
103
(-33 - 7) + 121 - (-11 - (-10 - -10))
92
What is (4 + -4 - (36 - 0)) + 1 + -1?
-36
-21 + (13 + -37 - -2) + -13
-56
-17 + (-4 - -23) + -14 - (10 - -54)
-76
What is the value of -920 + 998 + 1 + -45?
34
What is the value of -13 + 17 + -7 + -18 + 16?
-5
1 + (-2 + 5 - ((6 - 11 - -6) + -62))
65
Calculate -8 + (29 - (204 + -89)).
-94
What is the value of (-1 + 172 - (-653 + 691)) + 2 + -20?
115
Evaluate (-9706 - -9601) + 175 + 0.
70
What is the value of (6 - -10) + -316 + 413?
113
Calculate -4 + (-46 - -79) + -45.
-16
(-8 + (4 - -1) - 0) + -41 + (84 - 98)
-58
Evaluate (-33 + 39 - -55) + -51.
10
What is the value of 2 + -98 + -17 + 17 + 40?
-56
What is (-5 - 0 - -56) + (4 - (25 + -6)) + 10?
46
Calculate (-42 - 0 - 9) + 3.
-48
(-30 - (25 - 2)) + 81
28
-34 + (5 + -18 + 1 - (-26 + 2))
-22
What is the value of 67 + -51 + -43 + (17 - 4 - 5)?
-19
712 - 794 - (-39 + 0)
-43
42 - (-20 + 35 - -33)
-6
Calculate -6 - 1 - (-3 + -2 + (-9 - -10 - 51)).
48
Calculate -91 - (-29 + 44 + -58).
-48
Calculate (9 + -20 - 6) + 6 + 29.
18
What is the value of 12 + 29 + -103 + 36 - (3 - -1)?
-30
What is 19 - (13 - 12 - 3 - -13) - -48?
56
Evaluate (0 + -9 - -5) + -13 - (12 - 2).
-27
Calculate -44 + 13 + 4 + (60 - 52).
-19
What is the value of 635 - 599 - (-26 + (5 - 2))?
59
What is the value of 403 + -345 + -4 + 1?
55
(-172 - -403) + (-31 - 66)
134
Evaluate (-33 - -21) + 17 + (2 - -36) - (2 - -2).
39
What is (-3 - -38 - 23) + 17?
29
Calculate (-1314 - -1444) + (7 - 131).
6
Evaluate 73 + 3 - (-113 - -129).
60
What is (-104 - -297) + -118 + -123?
-48
What is 327 + -355 - (6 - 5)?
-29
What is -7 + (2 - -1) - (-49 + 67)?
-22
What is the value of (3 - 4) + -27 + 41 + -31 + -4?
-22
What is the value of -11 + ((5 - 18) + -23 - -22)?
-25
(5 - (37 - 33)) + (-68 - -4)
-63
Evaluate 3 + -6 - (3 + 5) - (-37 - -36) - 67.
-77
-3 - (-60 - -15 - -37) - (6 + 2 + -1)
-2
6 + 1 + (-20 + 13 - (-4 + -15))
19
What is -141 + 34 + 42 - -73?
8
Calculate (44 - 8) + -56 - (-8 + (4 - 8)).
-8
149 - 12 - (-68 - (-23 + -61))
121
What is 52 + (7 - 5) - (40 + -23 + (3 - 12))?
46
67 + (39 - (27 + 47))
32
What is 17 - (-97 + 68 + (-11 - (-26 + 10)))?
41
18 - 0 - (8 - (18 - -12))
40
-3 - 8 - (521 - 631)
99
Calculate 46 + 3 + (-8 - 4) + (-17 - -16).
36
Evaluate -17 + (12 - -16) - 16 - (0 + -2).
-3
110 + -103 - (44 - -16)
-53
-15 + 18 - (-1 - -16 - (-132 + 131)) - 93
-106
What is 88 + (27 - 15) + (10 - 11) + -12 + 6?
93
Calculate -123 - (-14 - (-1 - 4)) - -15.
-99
Calculate -33 - (-1 + -12 + (-1075 - -1095) - (4 - 0)).
-36
Calculate -3 + (2 - 14) - ((14 - 18 - 3) + 96).
-104
Calculate (111 - (-121 - -257)) + 61.
36
Calculate -2 - 1 - (-18 + 75 - 57) - (-22 +